1 - (-1 + 11)) - -3
-5
-1 + (8 - (5 - -3))
-1
What is (-3 - (1 - 0)) + -2 + 2?
-4
Calculate (2 - -4) + -7 - 5.
-6
Evaluate 1 + 2 - 7 - -9.
5
What is the value of -9 - (1 + -11 + 7)?
-6
Calculate (-7 + 4 - (-1 - 1)) + -3.
-4
What is (5 - 4) + -6 + 8?
3
-3 - (-2 - -2 - 3)
0
Evaluate 4 - -1 - (2 - 4).
7
-5 - (-5 - (0 - 6))
-6
(-17 + 3 - -12) + -5
-7
What is -10 - (3 + -2 + -2)?
-9
What is 0 + (-2 + -1 - 2)?
-5
(0 - -2) + (-2 - -1) + 4
5
What is -3 - (2 - 4 - (-3 - 1))?
-5
-3 - ((-5 - -5) + 0)
-3
What is the value of (3 - -1) + (3 - 8 - -3)?
2
(10 - 16) + (0 - (-2 - 0))
-4
What is the value of 8 - 2 - (22 - 13)?
-3
What is (2 - 0) + (-4 + -4 - -4)?
-2
What is (-2 - (-6 + 11)) + -2 + 7?
-2
Calculate 8 + -21 + 2 - -8.
-3
Calculate -2 - ((10 - 11) + -4).
3
(45 - 24) + -14 - (0 - -2)
5
Calculate 11 + -5 - 6 - (6 - 4).
-2
Calculate -5 + (2 - (2 + -1)) - 1.
-5
Evaluate 8 - (1 - (-2 - -3) - -4).
4
Calculate 2 + 0 + -3 + 1 - -2.
2
What is the value of -9 - (4 + -4 + -7)?
-2
Calculate -7 + -2 - (6 + -9).
-6
What is -9 + 15 + -10 + 7?
3
What is 6 - (-5 + 22 + -10)?
-1
What is the value of (56 - 56) + (1 - (1 - 2))?
2
Evaluate 2 - (11 + 4 + -6).
-7
(-1 - -1) + 1 - (28 + -30)
3
1 + -5 + 3 + 1
0
Calculate 4 + (-2 - -2) + -5 + -1.
-2
Evaluate -5 + (1 - -6) + -4.
-2
Evaluate -8 + (14 - 2) + 1.
5
-2 - (6 + (-6 - -4) + -2)
-4
Evaluate -5 + (4 - 3) - -3.
-1
Calculate -1 - (-4 + 8 + -9).
4
0 + 2 + -12 + 10 + -4
-4
What is the value of 24 + -27 + (-1 - -7) - 4?
-1
Evaluate (-1 - -1 - 1) + -4.
-5
3 - (-2 - -1 - (-19 + 18))
3
-1 + (3 - 4) + (5 - 8)
-5
-4 + 1 - (-5 - (0 - 2))
0
1 + (-3 - 2) - (6 + -9)
-1
What is the value of (-85 - -89) + (1 - (0 - -1))?
4
What is the value of (9 - 5) + (2 - 0) + -6?
0
(3 + 2 - (5 + -9)) + -5
4
Calculate 5 - -2 - (7 + 5).
-5
10 + -4 + -3 + 0
3
What is the value of -11 + (-1 + -3 - -6) + 2?
-7
-1 - (0 + 3 + -3 + -1)
0
What is -6 + (7 + -9 - -2)?
-6
What is the value of -4 - (0 - 9) - 4?
1
What is the value of -5 - (-15 + 3 + 2)?
5
-10 - (-14 + (3 - 3) + 7)
-3
Calculate -7 - (-1 + 2 + -7 + 3).
-4
What is 7 - (9 + -6 + -2 + -1)?
7
What is the value of 34 - 37 - ((-1 - -4) + -2)?
-4
Evaluate 7 - (1 + -4 + 6).
4
Evaluate -6 + 4 + -4 + 4 + -3.
-5
What is 2 - (-2 + 3 + (-2 - 0))?
3
What is (-11 - -10) + (7 - -1) - 8?
-1
Evaluate 2 + -3 + -4 + 6.
1
What is the value of -7 + (10 - 3 - -4)?
4
Evaluate -6 - (2 + 1 - (-2 + 7)).
-4
What is the value of 3 + 1 - (0 - -6 - 2)?
0
Calculate -4 + 0 + -1 + -106 + 116.
5
What is the value of -5 - (0 - 2) - (1 + -9)?
5
Evaluate 1 + -3 + -2 + -1.
-5
Calculate -1 - (3 + -2 + 1).
-3
-1 + -6 - (-5 + (-4 - -8))
-6
Calculate (7 - -2 - (-10 - -14)) + -4.
1
What is 1 - 7 - (15 - (22 - 7))?
-6
What is -4 - 0 - (-29 - -18)?
7
-14 + -1 + 9 + (-5 - 0)
-11
What is 7 + 1 + -7 - -4?
5
What is (4 - 0) + -4 - -3?
3
-4 - (-3 + (2 - 5))
2
2 + (-3 + (-3 - -2) - -4)
2
Calculate 64 + -60 - (12 + 2).
-10
Calculate (0 - -1) + -39 + 37.
-1
What is the value of -3 - ((-1 - -1) + -9 + 8)?
-2
Calculate -4 - (5 + -2 - (7 - -1)).
1
What is the value of -3 + 0 + (-5 - -1 - -11)?
4
3 - 0 - 6 - (-2 - -3)
-4
Evaluate (2 - 5) + (-2 - -1) + -1.
-5
What is the value of -2 + -2 + 6 + -4?
-2
Evaluate 18 + -16 + (-5 - -1) + 7.
5
What is -2 - (2 - 0 - 5 - -1)?
0
What is the value of 134 + -146 - (2 + 2 + -9)?
-7
What is the value of (-4 - ((-2 - 3) + 5)) + -1?
-5
What is (-3 - 1) + (55 - 46)?
5
Calculate -7 + 4 + -3 + 4.
-2
Calculate (6 - 5) + (-1 + -1 - -3).
2
What is the value of 1 + (-8 + 6 - -3)?
2
What is (-5 - 1) + 4 + 5 - 5?
-2
What is the value of -3 + 8 - (-2 - -10)?
-3
What is -11 + 6 + 1 + 76 + -78?
-6
Calculate -27 + 18 - (-1 + -2).
-6
Calculate 2 - 5 - 1 - (-4 + -2).
2
-2 + -8 + 1 + 5
-4
Evaluate 1 - (0 + 3 - -1).
-3
0 - (6 - 3) - (-3 - 2)
2
Evaluate 15 - 25 - (-11 + 2).
-1
What is 0 + 7 + -10 - -3?
0
What is the value of 3 + (-7 - -1 - -2)?
-1
Calculate 5 + (4 - (4 - -9)).
-4
Evaluate 0 + -2 + 0 - (274 - 278).
2
Calculate 0 + (-4 - -7) + -4.
-1
Evaluate -3 + (0 + 4 - (3 - 0)).
-2
What is (2 - (9 - 5)) + 3?
1
Evaluate 12 - (-7 - -16) - (3 + 2).
-2
What is 8 + (4 - (4 + 6))?
2
What is the value of 17 + -8 - 22 - -16?
3
What is (-2 - -2 - 1) + (19 - 23)?
-5
3 - -1 - (7 + -5) - 7
-5
Evaluate -9 - (17 + -21 - (0 + -3)).
-8
4 + -1 + (-4 - -6)
5
What is the value of 4 - -1 - (-4 - 0) - 6?
3
What is the value of 2 + (-9 - ((0 - 5) + 2))?
-4
1 + 0 - 3 - (0 + 2)
-4
Calculate -6 + (-7 - (-7 - (8 + 9))).
11
What is -8 + 1 + 13 + -13 - -4?
-3
Calculate 3 + (6 - 8) + -6.
-5
What is -1 + (0 - 5 - -7)?
1
What is -3 - (-4 + -5 + -5 + 9)?
2
Evaluate 2 + (-3 + -2 - -4).
1
Evaluate 9 + (-11 - (-8 - -4)).
2
Evaluate 0 + (3 - 7) + 0.
-4
(0 - 2) + 9 + 1 + -5
3
What is 2 - (8 - 2) - -8?
4
Evaluate -3 + -6 + 0 + 3.
-6
What is (2 - (2 - -2)) + -27 + 34?
5
What is 1 + -4 + (10 - (-3 - -9))?
1
2 + 1 + 0 + -5
-2
What is the value of (10 + -5 - 6) + 0?
-1
What is the value of 2 + -2 - (-19 - -17)?
2
What is -3 - (1 + 3 + (-2 - 0))?
-5
What is the value of -4 + 5 + (0 - (3 + -1))?
-1
What is the value of 0 - (-1 + -1 + (-5 - -9))?
-2
Calculate 2 + (0 - 0) + (10 - 7).
5
Calculate 1 + (4 + (2 - 1) - 3).
3
What is the value of -75 - -77 - (1 + -3)?
4
Evaluate 4 + (1 + 1 - (11 - 10)).
5
Evaluate 11 + -8 + 3 - 5.
1
-3 + 8 + (3 - (-2 + 6))
4
2 + 3 + 1 - 5
1
Calculate -5 - (-3 + 1) - 1.
-4
Evaluate -6 - -3 - (2 + -1) - -7.
3
What is (-1 - 1 - (-13 - -7)) + -9?
-5
What is the value of (-1 - -3) + -10 + (12 - 5)?
-1
What is the value of 1 + (11 - (4 - -2)) + -1?
5
-1 + -10 + 64 + -57
-4
(11 - 3) + -4 + -6 - -6
4
Evaluate 118 - 120 - ((-2 - -5) + 0).
-5
What is the value of -2 - (-1 + (-3 - -6) + -1)?
-3
Evaluate -4 - (-19 - (-3 - 4)).
8
What is (-4 - (-6 + -7 + 4)) + -6?
-1
Calculate (-1 - -1) + 2 + 0 - 4.
-2
What is the value of -2 - (-2 - (-2 + (5 - 3)))?
0
Calculate 0 - (0 - (-5 + 7)).
2
What is the value of -1 - 9 - ((22 - 14) + -12)?
-6
Evaluate (-8 - -5) + 20 + -9.
8
What is the value of (-4 - (-3 + 3)) + 3?
-1
What is 1 + (2 - (-1 + 1))?
3
Evaluate 4 + 3 + -13 + 5 - 1.
-2
What is -34 + 38 + 2 + -6?
0
1 + -2 + -3 + 1 + 2
-1
Calculate 4 - 2 - (-2 - 0).
4
2 + -2 + -12 + (-117 - -123)
-6
What is 1 + 0 + -4 + 0?
-3
-39 + 35 - (0 + 1)
-5
What is the value of (-3 - -2 - -5) + -1?
3
Evaluate -30 + 29 - (1 + 0).
-2
Calculate -1 + -2 - (-1 - 0 - 1).
-1
What is 0 - (8 + -5) - 2?
-5
0 + ((-4 - -7) + -5 - 2)
-4
Evaluate 2 - ((-7 - -2) + 14) - -3.
-4
Calculate (0 - (-6 - -9) - -5) + 0.
2
Calculate -5 - (-2 + 0 + 1 - 2).
-2
1 - (-2 + 6 - 7)
4
Calculate -1 + -7 + (6 - 4).
-6
30 + -28 + 1 + 0 + 2
5
What is (-9 - -10 - -6) + 3?
10
-3 + 6 + -11 + 6
-2
What is 1 + (-4 - -4) + -6 - -2?
-3
Calculate -3 + (8 - 7) + 5.
3
What is -3 + 1 + 4 + 1?
3
What is the value of 3 - (-1 + -1) - (-195 - -194)?
6
Evaluate -4 + (-3 - -7) + (0 - 1).
-1
(-2 - 5) + 5 - (3 + 2)
-7
Calculate -5 + 4 + -3 - 0.
-4
Evaluate 15 - (3 - (6 - 11)).
7
What is 5 - (1 + 1 + 8)?
-5
191 + -197 - (1 + -4 + 0)
-3
Evaluate 3 + (3 - (-7 + 19)).
-6
What is the value of 21 + -14 + 3 + -13?
-3
-8 - 2 - (-5 - (2 - 3))
-6
17 + -15 + (1 - -1)
4
-5 + (-3 - (-6 + 6)) - -10
2
What is the value of (-6 - (-4 + 1)) + 3 + -2?
-2
What is 0 - -2 - (1 + -4 + 2)?
3
Calculate 5 + -6 + 4 + -6.
-3
Evaluate (3 - 2 - 3) + 7 + -1.
4
Evaluate (2 - -7) + -3 + 3 + -4.
5
Evaluate 1 + (4 - 4) - 3.
-2
Calculate -3 + (0 + 0 + -3 - -5).
-1
What is the value of (0 - -4) + -5 - -4?
3
What is the value of (2 - 2) + (-1 - 4) - -2?
-3
Calculate 4 - -2 - ((3 - -5) + -8).
6
Calculate -3 - -5 - -4 - (0 - -14).
-8
Evaluate (-8 - (6 - 9)) + -4.
-9
What is the value of 9 + -18 + 9 + -4?
-4
6 + -3 + -1 + -5
-3
Evaluate -6 - (-3 - (2 + -3 + 1)).
-3
Calculate (2 - -6 - 3) + 3 + -9.
-1
Evaluate 2 + -6 + (7 - 14 - -13).
2
Calculate 2 - (-1 - -4 - (4 - 4)).
-1
What is -4 + 0 - (24 + -23)?
-5
Calculate -45 + 38 - (3 - -1) - -6.
-5
7 - 6 - (-1 - (1 - 1))
2
What is 9 + (7 - 8 - 6)?
2
Evaluate 3 + (-4 - -3) + -1 + -1.
0
What is -7 + 0 + 6 + -5?
-6
3 + -3 + 8 + -4
4
(-2 - -2) + (-2 - 1) + 1
-2
Calculate -9 + 12 + 4 + (-2 - 9).
-4
What is the value of 2 + 6 + -12 + -1 + 4?
-1
What is the value of 3 + (1 - 5) + 0 + -3?
-4
Evaluate (-1 + 5 - (-9 + 5)) + -3.
5
Calculate 4 - (-4 + 9) - (5 + 1).
-7
Calculate -2 - -2 - (-1 + -1) - -1.
3
13 + (10 - (28 - 1))
-4
What is the value of